17 + 68. What are the prime factors of m?
17
Let i = 4539 + -2615. Suppose 30*w - i = 4*w. List the prime factors of w.
2, 37
What are the prime factors of ((-15887)/(-2) - 1)/(32 - 5500/176)?
2, 3, 5, 353
Let g = -1418 + 2047. What are the prime factors of g?
17, 37
Let n be (-2)/10 - 494/130. List the prime factors of (1/(6 + -7))/(n/5812).
1453
Let n(p) = 5*p**3 + 4*p**2 + 2*p - 25. Let u be -2*(-3)/42 - (-243)/63. What are the prime factors of n(u)?
367
Let z be 5/(-10)*0*(0 - -1). Suppose -3*v = -z*v - 6. List the prime factors of (3/6)/(v/76).
19
Suppose 4*j + 56 = -5*b + 4*b, -b - 3*j - 51 = 0. What are the prime factors of (20/(-3))/(b/324)?
2, 3, 5
Let c = -45664 - -85625. List the prime factors of c.
89, 449
Suppose 4352704 + 537608 = 72*r. What are the prime factors of r?
7, 31, 313
Suppose s + 3*s - 420 = 5*b, 0 = 2*b. List the prime factors of s.
3, 5, 7
Suppose 40 = -71*a - 386. Let y(w) be the first derivative of w**4/4 + 3*w**3 + 2*w**2 - 1. List the prime factors of y(a).
2, 3, 7
List the prime factors of (1568/784)/(1/27489).
2, 3, 7, 11, 17
List the prime factors of ((-70)/12*(-152)/(-95))/((-4)/9174).
2, 7, 11, 139
Let h(n) = -n**3 - 58*n**2 + 141*n - 49. What are the prime factors of h(-61)?
7, 359
Let h(j) = -j**3 + 57*j**2 + 34*j - 1496. List the prime factors of h(44).
2, 11, 13
Suppose -10 = -5*o, 21*o + 4714 = 4*s + 16*o. What are the prime factors of s?
1181
Suppose -230*u + 4812 = -224*u. Let q = u + -697. What are the prime factors of q?
3, 5, 7
Suppose -625601 + 235591 = -26*g + 672662. What are the prime factors of g?
2, 3, 13, 131
Let y(a) = 4776*a - 3835. List the prime factors of y(6).
24821
Let j = 487 + -184. Suppose -j + 1248 = 5*z. Let q = z - 90. List the prime factors of q.
3, 11
Let n be (5/7 - -1)*21. Suppose 12 = -z + n. Let l = 52 - z. List the prime factors of l.
2, 7
Let c be (8 - (-9)/3)*-2. Let r be (0/(-1) - c)/1. Suppose -x + r = -5*y, 105 = 4*x + 3*y + 17. List the prime factors of x.
2, 11
Suppose 3*k + 2*k + f - 349 = 0, k - 73 = -f. List the prime factors of k/((-6)/(-39) + 35/195).
3, 23
Let l(h) = 89*h**2 + 103*h + 10. What are the prime factors of l(13)?
2, 5, 11, 149
Let w(s) = 203*s + 1368. What are the prime factors of w(53)?
67, 181
Let u = 274803 - 194436. List the prime factors of u.
3, 7, 43, 89
Let z be (154/(-33))/(-1 - (-644)/648). Let n = z - 334. List the prime factors of n.
2, 211
Let o = 185 - 522. Let s = 718 + o. List the prime factors of s.
3, 127
What are the prime factors of -3*(-3729)/27*(-8 + -562)/(-10)?
11, 19, 113
Suppose -5*w = -2*y + 8205, 57*y = 54*y + w + 12262. List the prime factors of y.
5, 19, 43
Let a(b) be the first derivative of -22 - 26*b - 7/2*b**2. What are the prime factors of a(-5)?
3
Let y = 5794 - -1999. What are the prime factors of y?
7793
Let m be 173/7 + (-20)/(-70). Let v(d) = 4*d**2 - 28*d + 162. List the prime factors of v(m).
2, 3, 109
Let q be -2*(-1 + (-7455)/10). What are the prime factors of q/5 - 57/95?
2, 149
List the prime factors of (-7)/(49/291039)*5/(-15).
13859
Suppose 0 = h + 5*t - 7832, 5353 = h - 3*t - 2519. List the prime factors of h.
3, 97
Suppose -3*u - 17*q = -20*q - 9570, -2*u + 6371 = q. What are the prime factors of u?
3187
Suppose o - 33115 = -4*y + 5*y, 3*o - y = 99329. What are the prime factors of o?
33107
Suppose -89*y + 94*y - 457667 = -147247. What are the prime factors of y?
2, 11, 17, 83
Suppose -5*f + 8 = x - 2, 2 = 4*x + f. Suppose 30 = 2*u + 3*u. Suppose 8*b - u*b - 170 = x. List the prime factors of b.
5, 17
Suppose -3*k = 2*j - 13, -2*k + 16 = -5*j + 1. Let s be 2/j - (-4 + 3). List the prime factors of (159 - 4) + s + 3 + -3.
2, 7, 11
Let o = -64 - -79. Let w = 104 - o. List the prime factors of w.
89
Suppose -q + 4*b + 10793 = 0, 74*q + 7*b = 72*q + 21631. List the prime factors of q.
5, 2161
Let f = 34974 - -29713. List the prime factors of f.
7, 9241
Let b(t) = -t**2 + 111*t + 4156. What are the prime factors of b(69)?
2, 3527
Let d = 15731 - 10686. What are the prime factors of d?
5, 1009
Let j(i) = 5*i**2 + 16*i - 9. Let v be j(9). Suppose -3*f + v = 2*f. Let m = 212 - f. List the prime factors of m.
2, 13
Let g(s) = s + 11. Let k be (5*-1)/((-2)/(-2)). Let i be g(k). Suppose -4*v - 3*w = -109, v + 0*v = -5*w + i. What are the prime factors of v?
31
Let f = -556 + 915. Let y(t) = -324*t + f*t + 5 - 3. List the prime factors of y(2).
2, 3
Suppose 5*g = -4*g + 63. Suppose -2*n - 4 = 2*i, i - n + g = 5*i. Suppose i*l + 94 - 235 = 0. What are the prime factors of l?
47
Let j(w) = w**3 + 16*w**2 + 14*w + 10. Let b be j(-15). Let l = 31 - b. List the prime factors of (-1 + -1 + -1)*(-34)/l.
17
Let s be (-2 - 32/(-15))*-5*-3. Let g be (44/(-14) - -4)/(s/28). Suppose -1225 = -g*m + 7*m. What are the prime factors of m?
5, 7
Suppose -18*b - 22208 = -20*b + 4*k, 0 = -4*k - 16. List the prime factors of b.
2, 19, 73
Let c(h) = 4*h**2 + 15*h + 14. Let i be c(-1). Suppose i*p + 3*t = 498, -3*t - 636 = 3*p - 7*p. List the prime factors of p.
2, 3
Suppose 0 = 109*q - 780800 - 646991. What are the prime factors of q?
13099
Let q be (-136)/(-5)*(-6 - -6 - -20). Let z = q - 277. List the prime factors of z.
3, 89
Suppose 0 = -4*q - 5*h + 16 + 144, q = h + 49. Suppose -38*k + 41*k - q = 0. List the prime factors of k.
3, 5
Suppose -11025 - 3517 = -2*v. List the prime factors of v.
11, 661
Let q = 11714 + 64116. What are the prime factors of q?
2, 5, 7583
Suppose 0 = -11*x + 36*x - 78975. List the prime factors of x.
3, 13
Suppose h + h = 38. Suppose 24*t - h*t - 815 = 0. Let a = 259 - t. List the prime factors of a.
2, 3
Let w(u) = 169*u**2 - 1247*u - 6. List the prime factors of w(-4).
2, 3, 7, 61
Let a = 2683 - 623. Suppose 7*b - 1286 = a. What are the prime factors of b?
2, 239
Suppose 60*z - 54*z = -36. What are the prime factors of 374 - (z + (2 - 3))?
3, 127
Let c = 11497 - -2566. What are the prime factors of c?
7, 41
Let s be (-24)/108 + 472/18. Suppose 2*x - 3*x + 63 = 0. Let n = x - s. What are the prime factors of n?
37
Let o be (22/55)/(1*(-2)/(-1020)). Let q be (o/(-15))/((-4)/10). Suppose 2*y - 86 = q. What are the prime factors of y?
2, 3, 5
Let y(n) = -159*n**3 + 7*n**2 - 26*n - 1. List the prime factors of y(-4).
10391
Suppose 10362 = 5*s + j, 31*j - 4164 = -2*s + 33*j. List the prime factors of s.
2, 17, 61
Let d = 94 + -52. Let v(w) = -5*w - 9*w - d + 5*w. What are the prime factors of v(-11)?
3, 19
Let i = 47 - 44. Suppose -i*f - 5*x - 4 = -1, -5*f + 5*x = 45. Let r(m) = -7*m - 14. What are the prime factors of r(f)?
2, 7
Let j be (0 - 810/21)/(5/(-140)). Suppose n + j = 21*n. What are the prime factors of n?
2, 3
Let i(k) = -k + 35. Let l be i(36). What are the prime factors of 0 - 180*l - -3?
3, 61
Let b be 1676 + 3/((-3)/4). Let r = b + -1170. List the prime factors of r.
2, 251
Let h(k) = -90*k + 3. Let g = 16 + -21. Let i be h(g). Suppose -i = -3*a + 4*v, -4*a + v + 464 + 127 = 0. What are the prime factors of a?
3, 7
Let t be (-32 - (-2 + 4))*7/2. Let a = 12 + t. What are the prime factors of -2 - 16/(-12) - a/3?
5, 7
Let n be 7955/5 - (2/(-2) - 3). Suppose s = 4*b - n, 9*b - 5*s = 4*b + 2005. What are the prime factors of b?
2, 199
Suppose 2420 + 344 = 2*k. List the prime factors of k.
2, 691
Suppose 3*k = -5*a + 258, -5*k - 6 + 40 = a. What are the prime factors of (257 - 0)/(27/a)?
2, 257
Let f be 18/(-28)*(-60)/45*7. Suppose f*g = 7*g - 1. List the prime factors of (-22)/(-99) - (727/(-9) + g).
2, 5
List the prime factors of 12 + -11 + (15 - 10) - (-7331 + -1).
2, 3, 1223
Suppose -29*v + 225187 = 37847. List the prime factors of v.
2, 5, 17, 19
Let i(t) = 40*t**2 + 12*t - 9. List the prime factors of i(-11).
37, 127
Suppose g = -4*w + 11 + 10, 4*w = 2*g - 78. Let k = g - -204. What are the prime factors of k?
3, 79
Let a(t) = -51*t + 2. Let y(p) = p**2 - 16*p + 5. Let r be y(16). Suppose -2*k = -v + r - 2, 0 = -k - v. What are the prime factors of a(k)?
53
Suppose 14*a - 2 = 15*a. List the prime factors of ((a - 1) + 2)/(2/(-652)).
2, 163
Let s = 142 - 154. List the prime factors of 21290/50 - s/10.
7, 61
Let q be ((-1 - 1) + 10)*1/2. Suppose -5*u - 47 = -q*x + 38, -5*u + 15 = 0. Let f = 6 + x. List the prime factors of f.
31
Suppose -12*x = 2*x - 154. Let w(t) = -3*t + 38. Let p b